) to base 3
-11221211
What is -5a8 (base 11) in base 15?
-333
What is -2120210 (base 3) in base 8?
-3534
f59 (base 16) to base 15
126e
What is 16420 (base 7) in base 2?
1001000111101
Convert -26475 (base 9) to base 10.
-17888
15a8 (base 16) to base 5
134134
-10244 (base 5) to base 13
-41a
670 (base 9) to base 10
549
Convert -12122 (base 8) to base 14.
-1c78
Convert -b6b4 (base 15) to base 5.
-2214034
-427 (base 14) to base 7
-2250
4524 (base 6) to base 3
1110021
Convert 23323 (base 5) to base 14.
8a5
What is 24102 (base 5) in base 11?
1376
What is -392 (base 13) in base 7?
-1553
f3 (base 16) to base 4
3303
What is 30104 (base 6) in base 15?
126d
1e4 (base 16) to base 9
587
Convert -22482 (base 11) to base 14.
-bbca
What is -272a5 (base 11) in base 6?
-500204
What is 473 (base 10) in base 4?
13121
-10365 (base 12) to base 4
-11023331
What is -87 (base 13) in base 9?
-133
What is -292 (base 11) in base 2?
-101010111
Convert 731 (base 14) to base 4.
112013
Convert 14033 (base 5) to base 10.
1143
100211011 (base 3) to base 2
1101111110111
-2ab (base 14) to base 2
-1000011111
26778 (base 12) to base 9
80552
Convert -38a2 (base 14) to base 16.
-26d6
17bd (base 16) to base 11
4625
What is -27 (base 13) in base 11?
-30
-29ad (base 15) to base 16
-22ea
What is 10733 (base 9) in base 8?
15766
What is 41113 (base 7) in base 11?
7577
Convert 242411 (base 5) to base 2.
10001110010010
Convert -1044 (base 11) to base 14.
-707
Convert 52244 (base 6) to base 14.
27ac
What is -7520 (base 9) in base 13?
-2691
Convert 96 (base 14) to base 3.
11220
-3113 (base 10) to base 12
-1975
Convert 11101111011011 (base 2) to base 12.
8a4b
What is 1ba68 (base 14) in base 9?
116822
What is 4957 (base 10) in base 16?
135d
Convert 110020 (base 3) to base 5.
2310
Convert -1447 (base 13) to base 11.
-2226
What is -1112022221 (base 3) in base 13?
-10939
753 (base 9) to base 2
1001100111
What is 2e8 (base 15) in base 4?
22130
What is -7700 (base 14) in base 4?
-11001210
What is -110001111 (base 2) in base 11?
-333
What is 128367 (base 9) in base 15?
18307
Convert -5259 (base 11) to base 4.
-1230301
What is 54401 (base 7) in base 12?
7a32
116075 (base 8) to base 5
2234442
1744 (base 8) to base 16
3e4
Convert 1233 (base 4) to base 13.
87
What is 7131 (base 10) in base 2?
1101111011011
Convert 33aa (base 16) to base 3.
200010212
What is -2924 (base 14) in base 8?
-16164
What is -4004 (base 8) in base 6?
-13300
Convert 114544 (base 6) to base 4.
2132200
Convert 719 (base 11) to base 5.
11432
-78 (base 14) to base 15
-71
-55b (base 13) to base 10
-921
11133 (base 4) to base 6
1343
What is 574 (base 14) in base 11?
8a4
What is 629f (base 16) in base 11?
17a72
-550 (base 10) to base 9
-671
What is 214105 (base 6) in base 5?
1032003
Convert -11000100100 (base 2) to base 11.
-11aa
What is -305 (base 10) in base 11?
-258
Convert -6dc (base 16) to base 9.
-2361
What is 34b (base 14) in base 2?
1010001111
What is d73c (base 15) in base 14?
12827
Convert 1211011 (base 3) to base 8.
2457
Convert 440334 (base 6) to base 10.
36418
Convert -305353 (base 6) to base 10.
-24549
-3248 (base 10) to base 6
-23012
4014 (base 5) to base 12
365
What is -2300 (base 7) in base 16?
-341
What is -988 (base 15) in base 10?
-2153
-2973 (base 12) to base 4
-1023213
What is 123233 (base 4) in base 7?
5114
What is -1016 (base 8) in base 4?
-20032
-233 (base 11) to base 2
-100010110
What is 1144 (base 5) in base 12?
126
What is -1021000121 (base 3) in base 15?
-7537
Convert 212020 (base 3) to base 12.
443
Convert -284 (base 9) to base 15.
-10d
100011101110 (base 2) to base 7
6444
156011 (base 7) to base 3
1120100122
Convert -271 (base 14) to base 9.
-605
-11011221 (base 3) to base 11
-2322
What is -95a4 (base 14) in base 10?
-25820
Convert -12ba (base 15) to base 14.
-165a
21000 (base 4) to base 12
400
Convert -25c (base 16) to base 12.
-424
What is -17b (base 13) in base 16?
-10f
-1055 (base 7) to base 10
-383
-2442 (base 8) to base 14
-69c
Convert -20011200 (base 3) to base 15.
-1500
Convert 114 (base 10) to base 2.
1110010
-10011100111100 (base 2) to base 8
-23474
What is -4141312 (base 5) in base 4?
-100223230
Convert 11204 (base 5) to base 12.
570
What is 1906 (base 10) in base 14?
9a2
Convert b57 (base 14) to base 2.
100010111001
What is -2672 (base 11) in base 12?
-200b
-151 (base 11) to base 6
-453
Convert 486 (base 12) to base 3.
221010
Convert 5954 (base 12) to base 16.
2710
What is -120 (base 15) in base 10?
-255
Convert 1466 (base 9) to base 6.
5053
-6411 (base 7) to base 10
-2262
Convert -21045 (base 10) to base 7.
-115233
Convert -4253 (base 10) to base 14.
-179b
What is -7ab (base 16) in base 6?
-13031
Convert 12311 (base 4) to base 2.
110110101
Convert -2032 (base 13) to base 12.
-2697
What is 1b94 (base 14) in base 13?
239c
232 (base 6) to base 13
71
-93d (base 16) to base 6
-14541
What is 2071 (base 12) in base 2?
110111010101
-585 (base 9) to base 7
-1256
What is 202202110 (base 3) in base 11?
10407
What is 189 (base 12) in base 8?
371
What is -2333020 (base 5) in base 13?
-1669b
What is 100312 (base 6) in base 11?
5a25
What is -af3 (base 16) in base 10?
-2803
4435 (base 6) to base 5
13111
150 (base 6) to base 10
66
Convert -2210210 (base 3) to base 16.
-7fe
Convert 321 (base 8) to base 12.
155
Convert 87 (base 14) to base 7.
230
10111030 (base 4) to base 15
53ca
Convert 1677b (base 12) to base 13.
11876
Convert 22135 (base 8) to base 9.
13683
Convert -5021 (base 7) to base 2.
-11011000010
-516 (base 14) to base 3
-1101001
1984a (base 12) to base 16
927a
What is -443104 (base 5) in base 2?
-11110000101100
Convert -11416 (base 7) to base 13.
-1462
554 (base 10) to base 15
26e
Convert -269 (base 12) to base 6.
-1413
What is -3aa (base 13) in base 9?
-788
102033 (base 4) to base 7
3255
21055 (base 9) to base 4
3121031
What is -30031 (base 4) in base 5?
-11111
What is -c5d (base 15) in base 10?
-2788
Convert -13340 (base 5) to base 6.
-5023
Convert 1240432 (base 5) to base 16.
5fac
-214214 (base 5) to base 11
-5649
111101110101000 (base 2) to base 5
2003111
Convert 1352 (base 6) to base 14.
1b6
-1537 (base 8) to base 12
-5bb
Convert -1023030 (base 4) to base 11.
-3685
Convert -22102221 (base 3) to base 12.
-368a
Convert 10331 (base 4) to base 5.
2232
Convert -412 (base 10) to base 12.
-2a4
-3411 (base 6) to base 11
-667
What is 3336 (base 9) in base 16?
99f
Convert -602 (base 9) to base 3.
-200002
What is -10331 (base 8) in base 6?
-31545
11011110 (base 2) to base 4
3132
What is 1011101011110 (base 2) in base 8?
13536
What is -1001111110 (base 2) in base 12?
-452
What is 11012021 (base 3) in base 6?
22054
Convert -558 (base 9) to base 6.
-2042
-9e3 (base 15) to base 10
-2238
Convert 1376 (base 8) to base 12.
53a
What is -2111122 (base 3) in base 8?
-3442
What is 14401 (base 6) in base 7?
6502
-5060 (base 8) to base 9
-3517
Convert -7759 (base 11) to base 3.
-112000211
-1001100011 (base 2) to base 4
-21203
-44b3 (base 15) to base 13
-6828
What is 21210 (base 5) in base 7?
4112
-b2 (base 13) to base 14
-a5
What is -14564 (base 10) in base 13?
-6824
Convert -62322 (base 8) to base 10.
-25810
Convert -2131000 (base 4) to base 5.
-310143
What is -cd (base 14) in base 11?
-155
101110110 (base 2) to base 9
455
What is -2754 (base 9) in base 10?
-2074
172a2 (base 11) to base 9
36313
1010221222 (base 3) to base 4
11200223
511 (base 12) to base 9
1004
What is 24335 (base 9) in base 10?
16313
1365 (base 9) to base 2
10000000111
123 (base 14) to base 16
e3
Convert c179 (base 13) to base 6.
323145
Convert -12145 (base 13) to base 3.
-1200111221
-5615 (base 14) to base 6
-153015
What is 264 (base 14) in base 9?
583
-1f8 (base 16) to base 14
-280
What is 24040 (base 6) in base 13?
1779
What is -6116 (base 9) in base 7?
-16014
-6336 (base 7) to base 15
-9dc
What is -101110110111 (base 2) in base 16?
-bb7
What is -7042 (base 9) in base 6?
-35445
200020 (base 3) to base 2
111101100
Convert 137 (base 14) to base 5.
1440
Convert -42ac (base 16) to base 6.
-211004
What is 13506 (base 11) in base 16?
4b2d
Convert 329 (base 13) to base 6.
2302
2055 (base 9) to base 4
113210
-10101110011 (base 2) to base 5
-21040
What is df1 (base 16) in base 4?
313301
What is -167 (base 10) in base 7?
-326
Convert 33835 (base 9) to base